5 = -5*c, 5*c - 4*o = 21 + 79. Let n(t) = -15*t**3 - 2*t**2 + t + 2. Let k be n(-2). What is the highest common factor of k and c?
16
Suppose -f = -6*f + 165. Let t = -56 + 102. Let j = t + -24. What is the greatest common divisor of j and f?
11
Let m be 5*(-2 + 36/15). Suppose -5*u = -m*u - 171. Calculate the highest common factor of u and 19.
19
Suppose 2 + 18 = 5*a. Suppose 0 = a*r + 12 - 116. Let o be 26/(-4)*22/(-11). What is the greatest common divisor of r and o?
13
Suppose -384 = -15*b + 11*b. What is the highest common factor of 12 and b?
12
Let k(j) = 2*j**2 - 4*j - 3. Let x be k(-3). Suppose -3*f + 0*f + 567 = 0. Calculate the highest common factor of f and x.
27
Suppose -2*q + 13 = -3*g - 14, -27 = -4*q - 3*g. What is the greatest common divisor of 9 and q?
9
Let s be 1*(1 + -3) + 7. Calculate the greatest common factor of s and 1.
1
Let z(a) = -2*a + 10. Let y be z(7). Let g be (3 + y)*1*-16. Calculate the greatest common divisor of g and 128.
16
Let f be 36/(-15)*25/(-1). Let b be ((-66)/(-2))/(18/f). What is the highest common factor of b and 22?
22
Let m(i) = -34*i - 3. Let k be (3/(-2))/(12/32). Let b be m(k). What is the highest common divisor of b and 19?
19
Let u(j) = -j**3 + 2*j**2 + j. Let i be u(-1). Let w = -5 - -4. Let v be 0 - (-1 - (w + 1)). What is the highest common factor of v and i?
1
Let y = 38 - -7. Calculate the highest common factor of 27 and y.
9
Let z(a) = -a**3 - 7*a**2 + 4*a - 16. Let s be z(-8). Calculate the greatest common divisor of s and 112.
16
Let l(c) = -c. Let n be 12/(-18) + (-1)/3. Let t be l(n). Calculate the highest common divisor of 8 and t.
1
Let l be 2/(-4) - (-455)/26. Let q be 21/35 + l/5. What is the highest common factor of q and 1?
1
Let f(s) = 7*s - 10. Let w be f(4). Calculate the greatest common divisor of 198 and w.
18
Let k be (-406)/10 - (-4)/(-10). Let w = -29 - k. Let z = -33 - -57. What is the highest common divisor of w and z?
12
Let o be 1 + (-14)/(-1) - -1. Suppose 0*p + 2*p - 288 = 0. Calculate the greatest common factor of p and o.
16
Suppose -5*k = -434 - 196. What is the greatest common divisor of 18 and k?
18
Suppose -357 = -3*q + 129. Suppose -4*m + 7*m = q. What is the greatest common divisor of 6 and m?
6
Let v = 41 - -3. Calculate the highest common factor of v and 22.
22
Suppose -g + 240 = 2*g. What is the highest common divisor of g and 32?
16
Let v = -2 - -5. Suppose 0 = -5*k + 86 + 14. Suppose -k = -v*r + 1. What is the greatest common divisor of 28 and r?
7
Let i(v) be the third derivative of v**6/120 + v**5/5 - v**3/3 + 4*v**2. Let s be i(-11). What is the highest common factor of 17 and s?
17
Let k = 1 - -2. Suppose k*x - 139 = 104. Calculate the highest common factor of 9 and x.
9
Suppose u - 4*h + 17 = 0, 0 = u - 0*h + 3*h - 18. Suppose 15 = 2*l + u*l. Let j be 45 - (3 + l/(-1)). What is the greatest common divisor of 5 and j?
5
Let z be (10 + -13)/(2/(-20)). What is the greatest common divisor of 15 and z?
15
Let z be (-3)/(4/896*-6). What is the greatest common factor of 7 and z?
7
Let u(h) = h**2 - 5*h + 5. Suppose 2*o + o + 15 = 0. Let a be u(o). Calculate the greatest common factor of a and 11.
11
Suppose 102 = f - 2*y, -3*f = 2*f + 5*y - 585. Let m = 0 - 0. Suppose 0*t + 2*t - 28 = m. What is the greatest common factor of t and f?
14
Let n = 9 + -6. Suppose n*g + 4*t = 26, -3*t + 16 = -2*g + t. Let v be (2 + g/(-2))*1. What is the highest common factor of 3 and v?
1
Let l(t) = -t**2 + t + 16. Let u = -12 - -12. Let q be l(u). What is the greatest common divisor of q and 64?
16
Let l(i) = -7 + 1 - i + 0. Let s be l(-5). Let m be (1/2)/(s/(-72)). Calculate the greatest common factor of 24 and m.
12
Suppose 0 = 2*o - 6*o - 2*r + 464, -2*o + 3*r + 240 = 0. Calculate the highest common factor of o and 78.
39
Let n = -17 - -19. Suppose y + 13 = -5*d, n = -5*y - 4*d - 0. What is the highest common divisor of 6 and y?
2
Let z(q) = q + 1. Let b(r) = -2*r - 1. Let y(i) = b(i) + 3*z(i). Let o be y(6). Suppose -4*n - o = -32. Calculate the greatest common factor of n and 4.
2
Suppose 2*d = -5*g - 4 - 13, g = -5*d + 15. Let s be 22/(d*(-3)/(-6)). Calculate the highest common divisor of 121 and s.
11
Let g be 1/(-3) + 356/(-12). Let i = -12 - g. Calculate the highest common divisor of i and 18.
18
Let l be (1 - 20/8)*2. Let v be (-4)/12 - 85/l. What is the highest common divisor of v and 4?
4
Let o(b) = 45*b - 18. Let c be o(8). Calculate the highest common factor of c and 38.
38
Let c be 1/((-4)/(-12) + 0). Suppose -c*o + 7 = -17. Calculate the greatest common factor of o and 20.
4
Let m(x) = 1 - 1 - 3*x + 6. Let k = 5 - 13. Let g be m(k). What is the greatest common factor of 75 and g?
15
Let b be -1*3*124/12. Let g = b + 85. Suppose -4*k + 73 = 1. Calculate the highest common factor of k and g.
18
Let o = 564 - 82. Suppose -4*x = -3*l - 380, -l = 5*x - 3*l - o. Suppose 0 = -5*i + x + 352. Calculate the greatest common divisor of i and 10.
10
Let p be -4*(2/(-4) + 0). Let y be (-67)/(-5) - p/5. What is the highest common divisor of 13 and y?
13
Let l = -108 - -183. Let m(g) = 14*g + 2. Let b be m(2). What is the greatest common factor of l and b?
15
Suppose 0*j = j - 1. Let x be (-2 - -1)/j + 11. Let g = 9 + 41. What is the highest common factor of x and g?
10
Let n = 12 - 5. Suppose 0 = 2*r - n - 1. Suppose -r*p + 66 = 5*u, 5*u - 4*p - 51 - 23 = 0. Calculate the highest common divisor of 112 and u.
14
Suppose -2*u - 3 = -3*u. Let q be u + 1*(1 + -16). Let m = q + 20. Calculate the greatest common divisor of m and 24.
8
Let q(t) = -3 + 7*t + 0 + 2*t**2 - 1. Let p be q(5). What is the greatest common divisor of 9 and p?
9
Suppose -5*b - 1 = 4*r - 14, 0 = -2*b + 2. Suppose -r*p + 144 = 4*n, -3*p - 84 = 5*n - 303. What is the greatest common factor of 52 and p?
26
Let l(m) = 4*m**2 + m**3 - 3*m**2 + 0*m**2 + 13. Let g be l(0). Suppose -4*x = -4, -4*d - x = -3*d - g. What is the highest common divisor of 12 and d?
12
Suppose 9*c - 54 = 63. What is the highest common factor of c and 104?
13
Let j(k) = -k**3 - 2*k**2 + 4*k + 2. Let q be j(-3). Let h be q - 5/(5/(-2)). Let f be 76/6 - h/(-3). What is the highest common divisor of f and 13?
13
Let j = 10 + -11. Let r = -1 + j. Let d(x) = -x**3 + 2*x**2 + 2. Let p be d(r). Calculate the highest common factor of p and 2.
2
Suppose 0 = 2*d - 15 - 29. What is the greatest common factor of d and 11?
11
Let i be (3/4)/((-6)/(-16)). Suppose 6*r - i*r - 48 = 0. What is the greatest common factor of r and 24?
12
Let x = 6 + -8. Let l(f) = -f**3 - f**2 - 1. Let n be l(x). Let d = 59 + -35. What is the highest common factor of n and d?
3
Let g(x) = -x**3 + 8*x**2 - 4*x. Let f be g(3). Suppose 4*u = -9 + 53. Calculate the greatest common divisor of f and u.
11
Suppose 0 = 4*m - 0*q - q - 57, 4*q - 45 = -5*m. Suppose -2*b + 3*d - m + 96 = 0, -4*b - 5*d + 155 = 0. Calculate the greatest common factor of b and 20.
20
Suppose 0*i + 4*i = -4*y + 60, 3*i - 39 = -5*y. Calculate the highest common factor of 72 and i.
18
Let x(r) = -r + 10. Let j be x(7). Suppose -3*n + 9 = j. Calculate the greatest common factor of n and 18.
2
Let j(k) = -k - 4. Let f(y) = -1. Let q(t) = -3*f(t) + j(t). Let z be q(-4). What is the highest common divisor of z and 6?
3
Let l be (17*-1)/(-10 - -9). Calculate the highest common divisor of 51 and l.
17
Let w = -23 + 26. Calculate the greatest common divisor of 33 and w.
3
Let k(s) = -22*s. Let o be k(-4). Suppose -3*g + o = -0*g - 5*u, 0 = -4*g - 2*u + 152. Suppose -v + g = v. What is the highest common divisor of v and 90?
18
Let l be 1 + 2 - (-1 - 4). Suppose 0 = w + 3*d - l, -4*w + 0*d = -5*d - 100. Let o = 156 + w. Calculate the highest common factor of o and 16.
16
Let b(n) = -n**3 - 5*n**2 + 8*n - 8. Let q be b(-8). Let r be 3/(-12) - (-122)/8. Calculate the highest common divisor of q and r.
15
Let d(w) = w + 19. Suppose o - 9 = -0. Let p be d(o). Calculate the highest common divisor of p and 4.
4
Suppose -s = 2*s - 24. Let g(d) = d**3 - 2*d**2 + 3*d - 3. Let z be g(2). Suppose p = -z + 7, 5*w = -5*p + 25. What is the greatest common divisor of s and w?
1
Suppose 4*w - 2*o = 176, 4*w - 8*o = -3*o + 188. Calculate the greatest common factor of w and 6.
6
Let i be ((-15)/1)/3*-1. Let o = -311 - -453.